{"id":7697,"date":"2024-03-18T16:30:51","date_gmt":"2024-03-18T16:30:51","guid":{"rendered":"https:\/\/iimyc.gob.ar\/fisioclim\/?page_id=7697"},"modified":"2025-11-20T10:38:31","modified_gmt":"2025-11-20T13:38:31","slug":"previous-abstracts-book","status":"publish","type":"page","link":"https:\/\/iimyc.gob.ar\/fisioclim\/en\/abstract\/previous-abstracts-book\/","title":{"rendered":"Previous Abstract\u00b4s Book"},"content":{"rendered":"<p><a href=\"https:\/\/iimyc.gob.ar\/fisioclim\/wp-content\/uploads\/2022\/03\/libro-de-resumenes.pdf\" target=\"_blank\" rel=\"noreferrer noopener\">1er Workshop de Fisiolog\u00eda Ecol\u00f3gica y del Comportamiento<\/a>. 2013. Mendoza, Argentina.<\/p>\r\n<!-- \/wp:post-content -->\r\n\r\n<!-- wp:paragraph -->\r\n<p><a href=\"https:\/\/iimyc.gob.ar\/fisioclim\/wp-content\/uploads\/2022\/03\/libro-de-resumenes-ii-workshop-fisiologia-ecologica-y-del-comportamiento.pdf\" target=\"_blank\" rel=\"noreferrer noopener\">2do Workshop de Fisiolog\u00eda Ecol\u00f3gica y del Comportamiento<\/a>. 2015. Bariloche, Argentina.<\/p>\r\n<!-- \/wp:paragraph -->\r\n\r\n<!-- wp:paragraph -->\r\n<p><a href=\"https:\/\/iimyc.gob.ar\/fisioclim\/wp-content\/uploads\/2022\/03\/libro_resumenes_3_workshop_de_fisiologia_san-juan_2017.pdf\" target=\"_blank\" rel=\"noreferrer noopener\">3er Workshop de Fisiolog\u00eda Ecol\u00f3gica y del Comportamiento<\/a>. 2017. San Juan, Argentina.<\/p>\r\n<!-- \/wp:paragraph -->\r\n\r\n<!-- wp:paragraph -->\r\n<p><a href=\"https:\/\/iimyc.gob.ar\/fisioclim\/wp-content\/uploads\/2019\/08\/libro-de-resumenes-2019.pdf\" target=\"_blank\" rel=\"noreferrer noopener\">4er Workshop de Fisiolog\u00eda Ecol\u00f3gica y del Comportamiento<\/a>. 2019. Puerto Madryn, Argentina.<\/p>\r\n<p><a href=\"https:\/\/iimyc.gob.ar\/fisioclim\/wp-content\/uploads\/2024\/03\/Libro-de-resumenes.pdf\" target=\"_blank\" rel=\"noreferrer noopener\">5to Workshop de Fisiolog\u00eda Ecol\u00f3gica y del Comportamiento<\/a>. 2023. Mar del Plata, Argentina.<\/p>\r\n<p><a href=\"https:\/\/iimyc.gob.ar\/fisioclim\/wp-content\/uploads\/2025\/11\/Libro-de-Abstracts-2025.pdf\" target=\"_blank\" rel=\"noopener\">6to Workshop de Fisiolog\u00eda Ecol\u00f3gica y del Comportamiento<\/a>. 2025. Chascom\u00fas, Argentina.<\/p>","protected":false},"excerpt":{"rendered":"<p>1er Workshop de Fisiolog\u00eda Ecol\u00f3gica y del Comportamiento. 2013. Mendoza, Argentina. 2do Workshop de Fisiolog\u00eda Ecol\u00f3gica y del Comportamiento. 2015. Bariloche, Argentina. 3er Workshop de Fisiolog\u00eda Ecol\u00f3gica y del Comportamiento. 2017. San Juan, Argentina. 4er Workshop de Fisiolog\u00eda Ecol\u00f3gica y del Comportamiento. 2019. Puerto Madryn, Argentina. 5to Workshop de Fisiolog\u00eda Ecol\u00f3gica y del Comportamiento. 2023. Mar del Plata, Argentina. 6to Workshop de Fisiolog\u00eda Ecol\u00f3gica y del Comportamiento. 2025. Chascom\u00fas, Argentina.<\/p>\n","protected":false},"author":1,"featured_media":0,"parent":7685,"menu_order":0,"comment_status":"closed","ping_status":"closed","template":"","meta":{"_monsterinsights_skip_tracking":false,"_monsterinsights_sitenote_active":false,"_monsterinsights_sitenote_note":"","_monsterinsights_sitenote_category":0,"footnotes":""},"class_list":["post-7697","page","type-page","status-publish","hentry"],"_links":{"self":[{"href":"https:\/\/iimyc.gob.ar\/fisioclim\/wp-json\/wp\/v2\/pages\/7697","targetHints":{"allow":["GET"]}}],"collection":[{"href":"https:\/\/iimyc.gob.ar\/fisioclim\/wp-json\/wp\/v2\/pages"}],"about":[{"href":"https:\/\/iimyc.gob.ar\/fisioclim\/wp-json\/wp\/v2\/types\/page"}],"author":[{"embeddable":true,"href":"https:\/\/iimyc.gob.ar\/fisioclim\/wp-json\/wp\/v2\/users\/1"}],"replies":[{"embeddable":true,"href":"https:\/\/iimyc.gob.ar\/fisioclim\/wp-json\/wp\/v2\/comments?post=7697"}],"version-history":[{"count":5,"href":"https:\/\/iimyc.gob.ar\/fisioclim\/wp-json\/wp\/v2\/pages\/7697\/revisions"}],"predecessor-version":[{"id":7961,"href":"https:\/\/iimyc.gob.ar\/fisioclim\/wp-json\/wp\/v2\/pages\/7697\/revisions\/7961"}],"up":[{"embeddable":true,"href":"https:\/\/iimyc.gob.ar\/fisioclim\/wp-json\/wp\/v2\/pages\/7685"}],"wp:attachment":[{"href":"https:\/\/iimyc.gob.ar\/fisioclim\/wp-json\/wp\/v2\/media?parent=7697"}],"curies":[{"name":"wp","href":"https:\/\/api.w.org\/{rel}","templated":true}]}}

<p><a href="https://iimyc.gob.ar/fisioclim/wp-content/uploads/2022/03/libro-de-resumenes.pdf" target="_blank" rel="noreferrer noopener">1er Workshop de Fisiología Ecológica y del Comportamiento</a>. 2013. Mendoza, Argentina.</p>
<!-- /wp:post-content -->

<!-- wp:paragraph -->
<p><a href="https://iimyc.gob.ar/fisioclim/wp-content/uploads/2022/03/libro-de-resumenes-ii-workshop-fisiologia-ecologica-y-del-comportamiento.pdf" target="_blank" rel="noreferrer noopener">2do Workshop de Fisiología Ecológica y del Comportamiento</a>. 2015. Bariloche, Argentina.</p>
<!-- /wp:paragraph -->

<!-- wp:paragraph -->
<p><a href="https://iimyc.gob.ar/fisioclim/wp-content/uploads/2022/03/libro_resumenes_3_workshop_de_fisiologia_san-juan_2017.pdf" target="_blank" rel="noreferrer noopener">3er Workshop de Fisiología Ecológica y del Comportamiento</a>. 2017. San Juan, Argentina.</p>
<!-- /wp:paragraph -->

<!-- wp:paragraph -->
<p><a href="https://iimyc.gob.ar/fisioclim/wp-content/uploads/2019/08/libro-de-resumenes-2019.pdf" target="_blank" rel="noreferrer noopener">4er Workshop de Fisiología Ecológica y del Comportamiento</a>. 2019. Puerto Madryn, Argentina.</p>
<p><a href="https://iimyc.gob.ar/fisioclim/wp-content/uploads/2024/03/Libro-de-resumenes.pdf" target="_blank" rel="noreferrer noopener">5to Workshop de Fisiología Ecológica y del Comportamiento</a>. 2023. Mar del Plata, Argentina.</p>
<p><a href="https://iimyc.gob.ar/fisioclim/wp-content/uploads/2025/11/Libro-de-Abstracts-2025.pdf" target="_blank" rel="noopener">6to Workshop de Fisiología Ecológica y del Comportamiento</a>. 2025. Chascomús, Argentina.</p>

<p>1er Workshop de Fisiología Ecológica y del Comportamiento. 2013. Mendoza, Argentina. 2do Workshop de Fisiología Ecológica y del Comportamiento. 2015. Bariloche, Argentina. 3er Workshop de Fisiología Ecológica y del Comportamiento. 2017. San Juan, Argentina. 4er Workshop de Fisiología Ecológica y del Comportamiento. 2019. Puerto Madryn, Argentina. 5to Workshop de Fisiología Ecológica y del Comportamiento. 2023. Mar del Plata, Argentina. 6to Workshop de Fisiología Ecológica y del Comportamiento. 2025. Chascomús, Argentina.</p>
