{"id":6478,"date":"2016-07-29T18:29:56","date_gmt":"2016-07-29T21:29:56","guid":{"rendered":"https:\/\/fisioclim.wordpress.com\/?page_id=6478"},"modified":"2025-11-20T12:59:43","modified_gmt":"2025-11-20T15:59:43","slug":"inicio","status":"publish","type":"page","link":"https:\/\/iimyc.gob.ar\/fisioclim\/","title":{"rendered":"Inicio"},"content":{"rendered":"<h2><span style=\"color: #1a2948;\"><strong>7<sup>mo<\/sup> Workshop de Fisiolog\u00eda Ecol\u00f3gica y del Comportamiento:<em>Integrando fisiolog\u00eda y ecolog\u00eda en un mundo cambiante<\/em><\/strong><\/span><\/h2>\r\n<h4 style=\"text-align: center;\">C\u00d3RDOBA, 10 &#8211; 12 MARZO 2027<\/h4>\r\n<p>Desde su inicio en el a\u00f1o 2013 el objetivo principal del Workshop de Fisiolog\u00eda Ecol\u00f3gica y del Comportamiento fue generar un espacio interdisciplinario de intercambio y discusi\u00f3n cient\u00edfica, que contribuyera a aumentar y enriquecer los conocimientos sobre la diversidad de las respuestas fisiol\u00f3gicas y comportamentales que los organismos manifiestan frente a un ambiente en constante cambio, ya sea por causas naturales o antropog\u00e9nicas. Este prop\u00f3sito se alcanz\u00f3 gracias a la transversalidad en el pensamiento cr\u00edtico, las metodolog\u00edas empleadas y los niveles de an\u00e1lisis aplicados a distintos grupos taxon\u00f3micos, lo que permiti\u00f3 concretar de manera efectiva el objetivo fundacional del Workshop.<\/p>\r\n<p>De este modo, en las ediciones posteriores el Workshop logr\u00f3 consolidarse como un espacio de intercambio y debate que fomenta la interacci\u00f3n entre estudiantes de grado, posgrado, posdoctorado y j\u00f3venes investigadores con referentes de distintas \u00e1reas tem\u00e1ticas en un ambiente ameno de discusi\u00f3n. Asimismo, se convirti\u00f3 en un \u00e1mbito que favorece la transferencia del conocimiento hacia las autoridades de gesti\u00f3n, resaltando el valor de la fisiolog\u00eda ecol\u00f3gica y del comportamiento como una herramienta fundamental para el manejo responsable del ambiente.<\/p>\r\n<p>Es por eso que en la VII edici\u00f3n del Workshop a desarrollarse en la ciudad de C\u00f3rdoba Capital, nos proponemos continuar con los lineamientos generales de los encuentros anteriores, haciendo hincapi\u00e9 en la relaci\u00f3n entre la fisiolog\u00eda, desde el nivel individual, hasta patrones a diferentes niveles ecol\u00f3gicos, y los efectos de un mundo en constante cambio.<\/p>\r\n<h4><strong><em><span style=\"color: #1a2948;\">!Los esperamos en C\u00f3rdoba!<\/span><\/em><\/strong><\/h4>\r\n<p>&nbsp;<\/p>\r\n\r\n<figure class=\"wp-block-image aligncenter size-large is-resized\"><a href=\"https:\/\/www.instagram.com\/7moworkshopfeyc\/\" target=\"_blank\" rel=\"noopener\"><img loading=\"lazy\" decoding=\"async\" class=\"alignnone wp-image-7168\" src=\"https:\/\/iimyc.gob.ar\/fisioclim\/wp-content\/uploads\/2022\/04\/instagram-icon-1.png?w=146\" alt=\"\" width=\"91\" height=\"91\" \/><\/a><a href=\"https:\/\/www.instagram.com\/5toworkshopmdp\/\" target=\"_blank\" rel=\"noopener\">\u00a0 \u00a0 \u00a0 \u00a0 \u00a0 \u00a0 \u00a0 \u00a0 \u00a0 \u00a0 \u00a0<\/a><a href=\"https:\/\/twitter.com\/WorkshopFEyC\" target=\"_blank\" rel=\"noopener\"><img loading=\"lazy\" decoding=\"async\" class=\"alignnone wp-image-7416\" src=\"https:\/\/iimyc.gob.ar\/fisioclim\/wp-content\/uploads\/2022\/08\/twitter-bird-white-on-blue1.webp\" alt=\"\" width=\"91\" height=\"91\" srcset=\"https:\/\/iimyc.gob.ar\/fisioclim\/wp-content\/uploads\/2022\/08\/twitter-bird-white-on-blue1.webp 300w, https:\/\/iimyc.gob.ar\/fisioclim\/wp-content\/uploads\/2022\/08\/twitter-bird-white-on-blue1-150x150.webp 150w, https:\/\/iimyc.gob.ar\/fisioclim\/wp-content\/uploads\/2022\/08\/twitter-bird-white-on-blue1-230x230.webp 230w\" sizes=\"auto, (max-width: 91px) 100vw, 91px\" \/><\/a>\r\n<figcaption><strong>Seguinos<\/strong><\/figcaption>\r\n<\/figure>\r\n","protected":false},"excerpt":{"rendered":"<p>7mo Workshop de Fisiolog\u00eda Ecol\u00f3gica y del Comportamiento:Integrando fisiolog\u00eda y ecolog\u00eda en un mundo cambiante C\u00d3RDOBA, 10 &#8211; 12 MARZO 2027 Desde su inicio en el a\u00f1o 2013 el objetivo principal del Workshop de Fisiolog\u00eda Ecol\u00f3gica y del Comportamiento fue generar un espacio interdisciplinario de intercambio y discusi\u00f3n cient\u00edfica, que contribuyera a aumentar y enriquecer los conocimientos sobre la diversidad de las respuestas fisiol\u00f3gicas y comportamentales que los organismos manifiestan frente a un ambiente en constante cambio, ya sea por causas naturales o antropog\u00e9nicas. Este prop\u00f3sito se alcanz\u00f3 gracias a la transversalidad en el pensamiento cr\u00edtico, las metodolog\u00edas empleadas y los niveles de an\u00e1lisis aplicados a distintos grupos taxon\u00f3micos, lo que permiti\u00f3 concretar de manera efectiva el objetivo fundacional del [&hellip;]<\/p>\n","protected":false},"author":1,"featured_media":0,"parent":0,"menu_order":0,"comment_status":"closed","ping_status":"closed","template":"page-templates\/page_fullwidth.php","meta":{"_monsterinsights_skip_tracking":false,"_monsterinsights_sitenote_active":false,"_monsterinsights_sitenote_note":"","_monsterinsights_sitenote_category":0,"footnotes":""},"class_list":["post-6478","page","type-page","status-publish","hentry"],"_links":{"self":[{"href":"https:\/\/iimyc.gob.ar\/fisioclim\/wp-json\/wp\/v2\/pages\/6478","targetHints":{"allow":["GET"]}}],"collection":[{"href":"https:\/\/iimyc.gob.ar\/fisioclim\/wp-json\/wp\/v2\/pages"}],"about":[{"href":"https:\/\/iimyc.gob.ar\/fisioclim\/wp-json\/wp\/v2\/types\/page"}],"author":[{"embeddable":true,"href":"https:\/\/iimyc.gob.ar\/fisioclim\/wp-json\/wp\/v2\/users\/1"}],"replies":[{"embeddable":true,"href":"https:\/\/iimyc.gob.ar\/fisioclim\/wp-json\/wp\/v2\/comments?post=6478"}],"version-history":[{"count":18,"href":"https:\/\/iimyc.gob.ar\/fisioclim\/wp-json\/wp\/v2\/pages\/6478\/revisions"}],"predecessor-version":[{"id":7996,"href":"https:\/\/iimyc.gob.ar\/fisioclim\/wp-json\/wp\/v2\/pages\/6478\/revisions\/7996"}],"wp:attachment":[{"href":"https:\/\/iimyc.gob.ar\/fisioclim\/wp-json\/wp\/v2\/media?parent=6478"}],"curies":[{"name":"wp","href":"https:\/\/api.w.org\/{rel}","templated":true}]}}

<h2><span style="color: #1a2948;"><strong>7<sup>mo</sup> Workshop de Fisiología Ecológica y del Comportamiento:<em>Integrando fisiología y ecología en un mundo cambiante</em></strong></span></h2>
<h4 style="text-align: center;">CÓRDOBA, 10 &#8211; 12 MARZO 2027</h4>
<p>Desde su inicio en el año 2013 el objetivo principal del Workshop de Fisiología Ecológica y del Comportamiento fue generar un espacio interdisciplinario de intercambio y discusión científica, que contribuyera a aumentar y enriquecer los conocimientos sobre la diversidad de las respuestas fisiológicas y comportamentales que los organismos manifiestan frente a un ambiente en constante cambio, ya sea por causas naturales o antropogénicas. Este propósito se alcanzó gracias a la transversalidad en el pensamiento crítico, las metodologías empleadas y los niveles de análisis aplicados a distintos grupos taxonómicos, lo que permitió concretar de manera efectiva el objetivo fundacional del Workshop.</p>
<p>De este modo, en las ediciones posteriores el Workshop logró consolidarse como un espacio de intercambio y debate que fomenta la interacción entre estudiantes de grado, posgrado, posdoctorado y jóvenes investigadores con referentes de distintas áreas temáticas en un ambiente ameno de discusión. Asimismo, se convirtió en un ámbito que favorece la transferencia del conocimiento hacia las autoridades de gestión, resaltando el valor de la fisiología ecológica y del comportamiento como una herramienta fundamental para el manejo responsable del ambiente.</p>
<p>Es por eso que en la VII edición del Workshop a desarrollarse en la ciudad de Córdoba Capital, nos proponemos continuar con los lineamientos generales de los encuentros anteriores, haciendo hincapié en la relación entre la fisiología, desde el nivel individual, hasta patrones a diferentes niveles ecológicos, y los efectos de un mundo en constante cambio.</p>
<h4><strong><em><span style="color: #1a2948;">!Los esperamos en Córdoba!</span></em></strong></h4>
<p>&nbsp;</p>

<figure class="wp-block-image aligncenter size-large is-resized"><a href="https://www.instagram.com/7moworkshopfeyc/" target="_blank" rel="noopener"><img loading="lazy" decoding="async" class="alignnone wp-image-7168" src="https://iimyc.gob.ar/fisioclim/wp-content/uploads/2022/04/instagram-icon-1.png?w=146" alt="" width="91" height="91" /></a><a href="https://www.instagram.com/5toworkshopmdp/" target="_blank" rel="noopener">                     </a><a href="https://twitter.com/WorkshopFEyC" target="_blank" rel="noopener"><img loading="lazy" decoding="async" class="alignnone wp-image-7416" src="https://iimyc.gob.ar/fisioclim/wp-content/uploads/2022/08/twitter-bird-white-on-blue1.webp" alt="" width="91" height="91" srcset="https://iimyc.gob.ar/fisioclim/wp-content/uploads/2022/08/twitter-bird-white-on-blue1.webp 300w, https://iimyc.gob.ar/fisioclim/wp-content/uploads/2022/08/twitter-bird-white-on-blue1-150x150.webp 150w, https://iimyc.gob.ar/fisioclim/wp-content/uploads/2022/08/twitter-bird-white-on-blue1-230x230.webp 230w" sizes="auto, (max-width: 91px) 100vw, 91px" /></a>
<figcaption><strong>Seguinos</strong></figcaption>
</figure>

<p>7mo Workshop de Fisiología Ecológica y del Comportamiento:Integrando fisiología y ecología en un mundo cambiante CÓRDOBA, 10 &#8211; 12 MARZO 2027 Desde su inicio en el año 2013 el objetivo principal del Workshop de Fisiología Ecológica y del Comportamiento fue generar un espacio interdisciplinario de intercambio y discusión científica, que contribuyera a aumentar y enriquecer los conocimientos sobre la diversidad de las respuestas fisiológicas y comportamentales que los organismos manifiestan frente a un ambiente en constante cambio, ya sea por causas naturales o antropogénicas. Este propósito se alcanzó gracias a la transversalidad en el pensamiento crítico, las metodologías empleadas y los niveles de análisis aplicados a distintos grupos taxonómicos, lo que permitió concretar de manera efectiva el objetivo fundacional del [&hellip;]</p>
