{"id":18,"date":"2012-06-13T15:16:01","date_gmt":"2012-06-13T18:16:01","guid":{"rendered":"http:\/\/physclim.wordpress.com\/?page_id=18"},"modified":"2025-11-20T13:06:59","modified_gmt":"2025-11-20T16:06:59","slug":"venue","status":"publish","type":"page","link":"https:\/\/iimyc.gob.ar\/fisioclim\/venue\/","title":{"rendered":"Sede"},"content":{"rendered":"<h3 style=\"text-align: center;\">La sede del a\u00f1o 2027 ser\u00e1 la Facultad de Ciencias Exactas, F\u00edsicas y Naturales de la Universidad Nacional de C\u00f3rdoba<\/h3>\n<p>Facultad de Ciencias Exactas F\u00edsicas y Naturales de la Universidad Nacional de C\u00f3rdoba, C\u00f3rdoba Capital junto al Auditorio CCT C\u00f3rdoba, el cual tiene una capacidad para aproximadamente 100 personas y cuenta con ca\u00f1\u00f3n para proyecciones y equipo de sonido.<\/p>\n<p><img loading=\"lazy\" decoding=\"async\" class=\"wp-image-7999 aligncenter\" src=\"https:\/\/iimyc.gob.ar\/fisioclim\/wp-content\/uploads\/2025\/11\/Picture1.png\" alt=\"\" width=\"400\" height=\"235\" srcset=\"https:\/\/iimyc.gob.ar\/fisioclim\/wp-content\/uploads\/2025\/11\/Picture1.png 605w, https:\/\/iimyc.gob.ar\/fisioclim\/wp-content\/uploads\/2025\/11\/Picture1-300x177.png 300w, https:\/\/iimyc.gob.ar\/fisioclim\/wp-content\/uploads\/2025\/11\/Picture1-230x135.png 230w, https:\/\/iimyc.gob.ar\/fisioclim\/wp-content\/uploads\/2025\/11\/Picture1-350x206.png 350w, https:\/\/iimyc.gob.ar\/fisioclim\/wp-content\/uploads\/2025\/11\/Picture1-480x282.png 480w\" sizes=\"auto, (max-width: 400px) 100vw, 400px\" \/><img loading=\"lazy\" decoding=\"async\" class=\"wp-image-8001 aligncenter\" src=\"https:\/\/iimyc.gob.ar\/fisioclim\/wp-content\/uploads\/2025\/11\/Picture2.png\" alt=\"\" width=\"400\" height=\"298\" srcset=\"https:\/\/iimyc.gob.ar\/fisioclim\/wp-content\/uploads\/2025\/11\/Picture2.png 274w, https:\/\/iimyc.gob.ar\/fisioclim\/wp-content\/uploads\/2025\/11\/Picture2-230x171.png 230w\" sizes=\"auto, (max-width: 400px) 100vw, 400px\" \/><\/p>\n<p>Para mesas de trabajo se utilizar\u00e1n las aulas del Campus PLM en la Facultad de Ciencias Exactas F\u00edsicas y Naturales de la UNC<\/p>\n<p><img loading=\"lazy\" decoding=\"async\" class=\"wp-image-8000 aligncenter\" src=\"https:\/\/iimyc.gob.ar\/fisioclim\/wp-content\/uploads\/2025\/11\/Picture3-300x158.jpg\" alt=\"\" width=\"400\" height=\"210\" srcset=\"https:\/\/iimyc.gob.ar\/fisioclim\/wp-content\/uploads\/2025\/11\/Picture3-300x158.jpg 300w, https:\/\/iimyc.gob.ar\/fisioclim\/wp-content\/uploads\/2025\/11\/Picture3-768x403.jpg 768w, https:\/\/iimyc.gob.ar\/fisioclim\/wp-content\/uploads\/2025\/11\/Picture3-230x121.jpg 230w, https:\/\/iimyc.gob.ar\/fisioclim\/wp-content\/uploads\/2025\/11\/Picture3-350x184.jpg 350w, https:\/\/iimyc.gob.ar\/fisioclim\/wp-content\/uploads\/2025\/11\/Picture3-480x252.jpg 480w, https:\/\/iimyc.gob.ar\/fisioclim\/wp-content\/uploads\/2025\/11\/Picture3.jpg 979w\" sizes=\"auto, (max-width: 400px) 100vw, 400px\" \/> \u00a0<img loading=\"lazy\" decoding=\"async\" class=\"wp-image-8002 aligncenter\" src=\"https:\/\/iimyc.gob.ar\/fisioclim\/wp-content\/uploads\/2025\/11\/Picture4-300x225.jpg\" alt=\"\" width=\"400\" height=\"300\" srcset=\"https:\/\/iimyc.gob.ar\/fisioclim\/wp-content\/uploads\/2025\/11\/Picture4-300x225.jpg 300w, https:\/\/iimyc.gob.ar\/fisioclim\/wp-content\/uploads\/2025\/11\/Picture4-230x172.jpg 230w, https:\/\/iimyc.gob.ar\/fisioclim\/wp-content\/uploads\/2025\/11\/Picture4-350x262.jpg 350w, https:\/\/iimyc.gob.ar\/fisioclim\/wp-content\/uploads\/2025\/11\/Picture4.jpg 383w\" sizes=\"auto, (max-width: 400px) 100vw, 400px\" \/><\/p>\n<p>&nbsp;<\/p>\n<p>&nbsp;<\/p>\n<p>&nbsp;<\/p>\n","protected":false},"excerpt":{"rendered":"<p>La sede del a\u00f1o 2027 ser\u00e1 la Facultad de Ciencias Exactas, F\u00edsicas y Naturales de la Universidad Nacional de C\u00f3rdoba Facultad de Ciencias Exactas F\u00edsicas y Naturales de la Universidad Nacional de C\u00f3rdoba, C\u00f3rdoba Capital junto al Auditorio CCT C\u00f3rdoba, el cual tiene una capacidad para aproximadamente 100 personas y cuenta con ca\u00f1\u00f3n para proyecciones y equipo de sonido. Para mesas de trabajo se utilizar\u00e1n las aulas del Campus PLM en la Facultad de Ciencias Exactas F\u00edsicas y Naturales de la UNC \u00a0 &nbsp; &nbsp; &nbsp;<\/p>\n","protected":false},"author":1,"featured_media":0,"parent":0,"menu_order":4,"comment_status":"closed","ping_status":"closed","template":"","meta":{"_monsterinsights_skip_tracking":false,"_monsterinsights_sitenote_active":false,"_monsterinsights_sitenote_note":"","_monsterinsights_sitenote_category":0,"footnotes":""},"class_list":["post-18","page","type-page","status-publish","hentry"],"_links":{"self":[{"href":"https:\/\/iimyc.gob.ar\/fisioclim\/wp-json\/wp\/v2\/pages\/18","targetHints":{"allow":["GET"]}}],"collection":[{"href":"https:\/\/iimyc.gob.ar\/fisioclim\/wp-json\/wp\/v2\/pages"}],"about":[{"href":"https:\/\/iimyc.gob.ar\/fisioclim\/wp-json\/wp\/v2\/types\/page"}],"author":[{"embeddable":true,"href":"https:\/\/iimyc.gob.ar\/fisioclim\/wp-json\/wp\/v2\/users\/1"}],"replies":[{"embeddable":true,"href":"https:\/\/iimyc.gob.ar\/fisioclim\/wp-json\/wp\/v2\/comments?post=18"}],"version-history":[{"count":11,"href":"https:\/\/iimyc.gob.ar\/fisioclim\/wp-json\/wp\/v2\/pages\/18\/revisions"}],"predecessor-version":[{"id":8004,"href":"https:\/\/iimyc.gob.ar\/fisioclim\/wp-json\/wp\/v2\/pages\/18\/revisions\/8004"}],"wp:attachment":[{"href":"https:\/\/iimyc.gob.ar\/fisioclim\/wp-json\/wp\/v2\/media?parent=18"}],"curies":[{"name":"wp","href":"https:\/\/api.w.org\/{rel}","templated":true}]}}