{"id":109,"date":"2012-08-02T12:43:24","date_gmt":"2012-08-02T15:43:24","guid":{"rendered":"http:\/\/physclim.wordpress.com\/?page_id=109"},"modified":"2025-11-20T10:46:28","modified_gmt":"2025-11-20T13:46:28","slug":"local-organizing-committee","status":"publish","type":"page","link":"https:\/\/iimyc.gob.ar\/fisioclim\/local-organizing-committee\/","title":{"rendered":"Comisi\u00f3n Organizadora"},"content":{"rendered":"<h4 style=\"text-align: center;\"><strong><em>Organizador General<\/em><\/strong><\/h4>\n<h4 style=\"text-align: center;\">Dr. Diego Valdez<\/h4>\n<h4 style=\"text-align: center;\"><strong><em>Comit\u00e9 Organizador Local (COL)<br \/>\n<\/em><\/strong><\/h4>\n<h4 style=\"text-align: center;\">Dra. Guadalupe L\u00f3pez Juri<\/h4>\n<h4 style=\"text-align: center;\">Dra. Fedra Bollatti<\/h4>\n<h4 style=\"text-align: center;\">Dra. Andrea Hued<\/h4>\n<h4 style=\"text-align: center;\">Dra. Luciana Torre<\/h4>\n<h4 style=\"text-align: center;\">Dra. Mar\u00eda Laura Ballesteros<\/h4>\n<h4 style=\"text-align: center;\">Dr. Franco Cargnelutti<\/h4>\n<h4 style=\"text-align: center;\"><\/h4>\n<p>&nbsp;<\/p>\n<p><strong><em>\u00a0<\/em><\/strong><\/p>\n<p>&nbsp;<\/p>\n","protected":false},"excerpt":{"rendered":"<p>Organizador General Dr. Diego Valdez Comit\u00e9 Organizador Local (COL) Dra. Guadalupe L\u00f3pez Juri Dra. Fedra Bollatti Dra. Andrea Hued Dra. Luciana Torre Dra. Mar\u00eda Laura Ballesteros Dr. Franco Cargnelutti &nbsp; \u00a0 &nbsp;<\/p>\n","protected":false},"author":1,"featured_media":0,"parent":0,"menu_order":2,"comment_status":"closed","ping_status":"closed","template":"page-templates\/page_fullwidth.php","meta":{"_monsterinsights_skip_tracking":false,"_monsterinsights_sitenote_active":false,"_monsterinsights_sitenote_note":"","_monsterinsights_sitenote_category":0,"footnotes":""},"class_list":["post-109","page","type-page","status-publish","hentry"],"_links":{"self":[{"href":"https:\/\/iimyc.gob.ar\/fisioclim\/wp-json\/wp\/v2\/pages\/109","targetHints":{"allow":["GET"]}}],"collection":[{"href":"https:\/\/iimyc.gob.ar\/fisioclim\/wp-json\/wp\/v2\/pages"}],"about":[{"href":"https:\/\/iimyc.gob.ar\/fisioclim\/wp-json\/wp\/v2\/types\/page"}],"author":[{"embeddable":true,"href":"https:\/\/iimyc.gob.ar\/fisioclim\/wp-json\/wp\/v2\/users\/1"}],"replies":[{"embeddable":true,"href":"https:\/\/iimyc.gob.ar\/fisioclim\/wp-json\/wp\/v2\/comments?post=109"}],"version-history":[{"count":18,"href":"https:\/\/iimyc.gob.ar\/fisioclim\/wp-json\/wp\/v2\/pages\/109\/revisions"}],"predecessor-version":[{"id":7979,"href":"https:\/\/iimyc.gob.ar\/fisioclim\/wp-json\/wp\/v2\/pages\/109\/revisions\/7979"}],"wp:attachment":[{"href":"https:\/\/iimyc.gob.ar\/fisioclim\/wp-json\/wp\/v2\/media?parent=109"}],"curies":[{"name":"wp","href":"https:\/\/api.w.org\/{rel}","templated":true}]}}

Comisión Organizadora

<h4 style="text-align: center;"><strong><em>Organizador General</em></strong></h4>
<h4 style="text-align: center;">Dr. Diego Valdez</h4>
<h4 style="text-align: center;"><strong><em>Comité Organizador Local (COL)<br />
</em></strong></h4>
<h4 style="text-align: center;">Dra. Guadalupe López Juri</h4>
<h4 style="text-align: center;">Dra. Fedra Bollatti</h4>
<h4 style="text-align: center;">Dra. Andrea Hued</h4>
<h4 style="text-align: center;">Dra. Luciana Torre</h4>
<h4 style="text-align: center;">Dra. María Laura Ballesteros</h4>
<h4 style="text-align: center;">Dr. Franco Cargnelutti</h4>
<h4 style="text-align: center;"></h4>
<p>&nbsp;</p>
<p><strong><em> </em></strong></p>
<p>&nbsp;</p>

<p>Organizador General Dr. Diego Valdez Comité Organizador Local (COL) Dra. Guadalupe López Juri Dra. Fedra Bollatti Dra. Andrea Hued Dra. Luciana Torre Dra. María Laura Ballesteros Dr. Franco Cargnelutti &nbsp;   &nbsp;</p>
